{"id":83,"date":"2017-08-27T15:24:08","date_gmt":"2017-08-27T15:24:08","guid":{"rendered":"http:\/\/golf-pankow.de\/?page_id=83"},"modified":"2025-03-31T07:59:17","modified_gmt":"2025-03-31T05:59:17","slug":"club-restaurant","status":"publish","type":"page","link":"https:\/\/www.golf-pankow.de\/?page_id=83","title":{"rendered":"Club-Restaurant"},"content":{"rendered":"\n<table>\n<tbody>\n<tr>\n<td valign=\"top\">\n<p>Unsere Gastronomie ist wieder ge\u00f6ffnet, K\u00fcchen und Gastraum sind neu eingerichtet.<\/br><\/br>\nUnsere neuen Wirte Egli und Klajdi haben wieder<\/br>\nviele Getr\u00e4nke und leckere Gerichte auf der Tageskarte.<\/br><\/br>\n\nDer neue Name unseres Club-Restaurants:<\/br><\/br>\n<img decoding=\"async\" src=\"\/images\/logos\/Green_Eagle_Schriftzug.jpg\">\n<\/p>\n\n\n\n<p><img loading=\"lazy\" decoding=\"async\" src=\"\/images\/restaurant\/GreenEagleWirte.jpg\" alt=\"\" width=\"500\" height=\"165\" border=\"0\"><br><br><img loading=\"lazy\" decoding=\"async\" src=\"\/images\/restaurant\/restaurant_terrasse_neu.jpg\" alt=\"\" width=\"500\" height=\"165\" border=\"0\"><br>Bewirtung auf der Terrasse<\/p>\n<\/td>\n<td><\/br><\/br><\/br><img decoding=\"async\" src=\"\/images\/logos\/Green_Eagle_Logo.jpg\" alt=\"\" border=\"0\"><\/td>\n<\/tr>\n\n<\/tbody>\n<\/table>\n<p>&nbsp;<\/p>\n\n\n\n<p><\/p>\n","protected":false},"excerpt":{"rendered":"<p>Unsere Gastronomie ist wieder ge\u00f6ffnet, K\u00fcchen und Gastraum sind neu eingerichtet. Unsere neuen Wirte Egli und Klajdi haben wieder viele Getr\u00e4nke und leckere Gerichte auf der Tageskarte. Der neue Name unseres Club-Restaurants: Bewirtung auf der Terrasse &nbsp;<\/p>\n","protected":false},"author":1,"featured_media":0,"parent":21,"menu_order":5,"comment_status":"closed","ping_status":"closed","template":"full-width-page.php","meta":{"footnotes":""},"class_list":["post-83","page","type-page","status-publish","hentry"],"_links":{"self":[{"href":"https:\/\/www.golf-pankow.de\/index.php?rest_route=\/wp\/v2\/pages\/83","targetHints":{"allow":["GET"]}}],"collection":[{"href":"https:\/\/www.golf-pankow.de\/index.php?rest_route=\/wp\/v2\/pages"}],"about":[{"href":"https:\/\/www.golf-pankow.de\/index.php?rest_route=\/wp\/v2\/types\/page"}],"author":[{"embeddable":true,"href":"https:\/\/www.golf-pankow.de\/index.php?rest_route=\/wp\/v2\/users\/1"}],"replies":[{"embeddable":true,"href":"https:\/\/www.golf-pankow.de\/index.php?rest_route=%2Fwp%2Fv2%2Fcomments&post=83"}],"version-history":[{"count":104,"href":"https:\/\/www.golf-pankow.de\/index.php?rest_route=\/wp\/v2\/pages\/83\/revisions"}],"predecessor-version":[{"id":3474,"href":"https:\/\/www.golf-pankow.de\/index.php?rest_route=\/wp\/v2\/pages\/83\/revisions\/3474"}],"up":[{"embeddable":true,"href":"https:\/\/www.golf-pankow.de\/index.php?rest_route=\/wp\/v2\/pages\/21"}],"wp:attachment":[{"href":"https:\/\/www.golf-pankow.de\/index.php?rest_route=%2Fwp%2Fv2%2Fmedia&parent=83"}],"curies":[{"name":"wp","href":"https:\/\/api.w.org\/{rel}","templated":true}]}}