{"id":2382,"date":"2020-04-28T11:20:33","date_gmt":"2020-04-28T09:20:33","guid":{"rendered":"http:\/\/www.golf-pankow.de\/?page_id=2382"},"modified":"2021-07-02T11:47:32","modified_gmt":"2021-07-02T09:47:32","slug":"behoerdliche-auflagen-wegen-coronavirus","status":"publish","type":"page","link":"https:\/\/www.golf-pankow.de\/?page_id=2382","title":{"rendered":"Beh\u00f6rdliche Auflagen wegen Coronavirus"},"content":{"rendered":"<p style=\"text-align: left;\"><strong><span style=\"color: #ff0000;\">Wir haben weiterhin f\u00fcr Clubmitglieder und G\u00e4ste ge\u00f6ffnet.<br \/>\n<u>Eine Voranmeldung f\u00fcr Startzeiten ist nicht erforderlich.<\/u><br \/>\nDie Anmeldung erfolgt hier im Clubb\u00fcro vor dem Start zum Spiel.<br \/>\nAlle Pl\u00e4tze und \u00dcbungseinrichtungen sind t\u00e4glich ab 8.00 ge\u00f6ffnet.<\/span><\/strong><\/p>\n<p style=\"text-align: left;\"><a href=\"https:\/\/www.golf-pankow.de\/?page_id=2396\"><strong><u>Neuerungen<\/u><\/strong><\/a><\/p>\n<p><!--<img loading=\"lazy\" decoding=\"async\" class=\"alignnone size-full wp-image-2387\" src=\"https:\/\/www.golf-pankow.de\/wp-content\/uploads\/2020\/04\/lageplan.jpg\" alt=\"\" width=\"800\" height=\"571\" srcset=\"https:\/\/www.golf-pankow.de\/wp-content\/uploads\/2020\/04\/lageplan.jpg 800w, https:\/\/www.golf-pankow.de\/wp-content\/uploads\/2020\/04\/lageplan-300x214.jpg 300w, https:\/\/www.golf-pankow.de\/wp-content\/uploads\/2020\/04\/lageplan-768x548.jpg 768w, https:\/\/www.golf-pankow.de\/wp-content\/uploads\/2020\/04\/lageplan-100x71.jpg 100w, https:\/\/www.golf-pankow.de\/wp-content\/uploads\/2020\/04\/lageplan-150x107.jpg 150w, https:\/\/www.golf-pankow.de\/wp-content\/uploads\/2020\/04\/lageplan-200x143.jpg 200w, https:\/\/www.golf-pankow.de\/wp-content\/uploads\/2020\/04\/lageplan-450x321.jpg 450w, https:\/\/www.golf-pankow.de\/wp-content\/uploads\/2020\/04\/lageplan-600x428.jpg 600w\" sizes=\"auto, (max-width: 800px) 100vw, 800px\" \/>--><\/p>\n","protected":false},"excerpt":{"rendered":"<p>Wir haben weiterhin f\u00fcr Clubmitglieder und G\u00e4ste ge\u00f6ffnet. Eine Voranmeldung f\u00fcr Startzeiten ist nicht erforderlich. Die Anmeldung erfolgt hier im Clubb\u00fcro vor dem Start zum Spiel. Alle Pl\u00e4tze und \u00dcbungseinrichtungen sind t\u00e4glich ab 8.00 ge\u00f6ffnet. Neuerungen<\/p>\n","protected":false},"author":1,"featured_media":0,"parent":13,"menu_order":0,"comment_status":"closed","ping_status":"closed","template":"full-width-page.php","meta":{"footnotes":""},"class_list":["post-2382","page","type-page","status-publish","hentry"],"_links":{"self":[{"href":"https:\/\/www.golf-pankow.de\/index.php?rest_route=\/wp\/v2\/pages\/2382","targetHints":{"allow":["GET"]}}],"collection":[{"href":"https:\/\/www.golf-pankow.de\/index.php?rest_route=\/wp\/v2\/pages"}],"about":[{"href":"https:\/\/www.golf-pankow.de\/index.php?rest_route=\/wp\/v2\/types\/page"}],"author":[{"embeddable":true,"href":"https:\/\/www.golf-pankow.de\/index.php?rest_route=\/wp\/v2\/users\/1"}],"replies":[{"embeddable":true,"href":"https:\/\/www.golf-pankow.de\/index.php?rest_route=%2Fwp%2Fv2%2Fcomments&post=2382"}],"version-history":[{"count":16,"href":"https:\/\/www.golf-pankow.de\/index.php?rest_route=\/wp\/v2\/pages\/2382\/revisions"}],"predecessor-version":[{"id":2719,"href":"https:\/\/www.golf-pankow.de\/index.php?rest_route=\/wp\/v2\/pages\/2382\/revisions\/2719"}],"up":[{"embeddable":true,"href":"https:\/\/www.golf-pankow.de\/index.php?rest_route=\/wp\/v2\/pages\/13"}],"wp:attachment":[{"href":"https:\/\/www.golf-pankow.de\/index.php?rest_route=%2Fwp%2Fv2%2Fmedia&parent=2382"}],"curies":[{"name":"wp","href":"https:\/\/api.w.org\/{rel}","templated":true}]}}